{"id":10,"date":"2026-01-28T11:01:09","date_gmt":"2026-01-28T11:01:09","guid":{"rendered":"https:\/\/shop.stadinao.eu\/RYHMAT\/2026_kevat\/Utriainen\/?page_id=10"},"modified":"2026-04-01T09:45:44","modified_gmt":"2026-04-01T09:45:44","slug":"elementor-10","status":"publish","type":"page","link":"https:\/\/shop.stadinao.eu\/RYHMAT\/2026_kevat\/Utriainen\/","title":{"rendered":"Elementor #10"},"content":{"rendered":"\t\t<div data-elementor-type=\"wp-page\" data-elementor-id=\"10\" class=\"elementor elementor-10\">\n\t\t\t\t<div class=\"elementor-element elementor-element-fcf77fc e-grid e-con-full e-con e-parent\" data-id=\"fcf77fc\" data-element_type=\"container\">\n\t\t\t\t<div class=\"elementor-element elementor-element-065e1a3 elementor-widget elementor-widget-image\" data-id=\"065e1a3\" data-element_type=\"widget\" data-widget_type=\"image.default\">\n\t\t\t\t\t\t\t\t\t\t\t\t\t\t\t<img fetchpriority=\"high\" decoding=\"async\" width=\"750\" height=\"750\" src=\"https:\/\/shop.stadinao.eu\/RYHMAT\/2026_kevat\/Utriainen\/wp-content\/uploads\/2026\/01\/cadance_done-1024x1024.jpg\" class=\"attachment-large size-large wp-image-26\" alt=\"\" srcset=\"https:\/\/shop.stadinao.eu\/RYHMAT\/2026_kevat\/Utriainen\/wp-content\/uploads\/2026\/01\/cadance_done-1024x1024.jpg 1024w, https:\/\/shop.stadinao.eu\/RYHMAT\/2026_kevat\/Utriainen\/wp-content\/uploads\/2026\/01\/cadance_done-300x300.jpg 300w, https:\/\/shop.stadinao.eu\/RYHMAT\/2026_kevat\/Utriainen\/wp-content\/uploads\/2026\/01\/cadance_done-150x150.jpg 150w, https:\/\/shop.stadinao.eu\/RYHMAT\/2026_kevat\/Utriainen\/wp-content\/uploads\/2026\/01\/cadance_done-768x768.jpg 768w, https:\/\/shop.stadinao.eu\/RYHMAT\/2026_kevat\/Utriainen\/wp-content\/uploads\/2026\/01\/cadance_done-1536x1536.jpg 1536w, https:\/\/shop.stadinao.eu\/RYHMAT\/2026_kevat\/Utriainen\/wp-content\/uploads\/2026\/01\/cadance_done-2048x2048.jpg 2048w\" sizes=\"(max-width: 750px) 100vw, 750px\" style=\"width:100%;height:100%;max-width:2560px\" \/>\t\t\t\t\t\t\t\t\t\t\t\t\t\t\t<\/div>\n\t\t\t\t<div class=\"elementor-element elementor-element-3224a70 elementor-widget elementor-widget-image\" data-id=\"3224a70\" data-element_type=\"widget\" data-widget_type=\"image.default\">\n\t\t\t\t\t\t\t\t\t\t\t\t\t\t\t<img decoding=\"async\" width=\"750\" height=\"750\" src=\"https:\/\/shop.stadinao.eu\/RYHMAT\/2026_kevat\/Utriainen\/wp-content\/uploads\/2026\/01\/luna_valmis-1-1024x1024.jpg\" class=\"attachment-large size-large wp-image-13\" alt=\"\" srcset=\"https:\/\/shop.stadinao.eu\/RYHMAT\/2026_kevat\/Utriainen\/wp-content\/uploads\/2026\/01\/luna_valmis-1-1024x1024.jpg 1024w, https:\/\/shop.stadinao.eu\/RYHMAT\/2026_kevat\/Utriainen\/wp-content\/uploads\/2026\/01\/luna_valmis-1-300x300.jpg 300w, https:\/\/shop.stadinao.eu\/RYHMAT\/2026_kevat\/Utriainen\/wp-content\/uploads\/2026\/01\/luna_valmis-1-150x150.jpg 150w, https:\/\/shop.stadinao.eu\/RYHMAT\/2026_kevat\/Utriainen\/wp-content\/uploads\/2026\/01\/luna_valmis-1-768x768.jpg 768w, https:\/\/shop.stadinao.eu\/RYHMAT\/2026_kevat\/Utriainen\/wp-content\/uploads\/2026\/01\/luna_valmis-1-1536x1536.jpg 1536w, https:\/\/shop.stadinao.eu\/RYHMAT\/2026_kevat\/Utriainen\/wp-content\/uploads\/2026\/01\/luna_valmis-1-2048x2048.jpg 2048w\" sizes=\"(max-width: 750px) 100vw, 750px\" style=\"width:100%;height:100%;max-width:2560px\" \/>\t\t\t\t\t\t\t\t\t\t\t\t\t\t\t<\/div>\n\t\t\t\t<\/div>\n\t\t<div class=\"elementor-element elementor-element-d1403bb e-flex e-con-boxed e-con e-parent\" data-id=\"d1403bb\" data-element_type=\"container\">\n\t\t\t\t\t<div class=\"e-con-inner\">\n\t\t\t\t<div class=\"elementor-element elementor-element-35183b4 elementor-widget elementor-widget-text-editor\" data-id=\"35183b4\" data-element_type=\"widget\" data-widget_type=\"text-editor.default\">\n\t\t\t\t\t\t\t\t\t<h1><strong>Minjan Portfolio 2026<\/strong><\/h1>\t\t\t\t\t\t\t\t<\/div>\n\t\t\t\t\t<\/div>\n\t\t\t\t<\/div>\n\t\t<div class=\"elementor-element elementor-element-97e34dd e-flex e-con-boxed e-con e-parent\" data-id=\"97e34dd\" data-element_type=\"container\">\n\t\t\t\t\t<div class=\"e-con-inner\">\n\t\t\t\t<div class=\"elementor-element elementor-element-44f9bc6 elementor-widget elementor-widget-text-editor\" data-id=\"44f9bc6\" data-element_type=\"widget\" data-widget_type=\"text-editor.default\">\n\t\t\t\t\t\t\t\t\t<p>Moikka! Opiskelen Stadin AO:ssa media-alaa ja kuvallista ilmaisua. Olen t\u00e4t\u00e4 ennen aina harrastanut piirt\u00e4mist\u00e4 ja ylip\u00e4\u00e4t\u00e4\u00e4n taiteilua.<\/p>\n<p><br><\/p>\n<p><br><\/p>\n<p><br><\/p>\n<p><br><\/p>\t\t\t\t\t\t\t\t<\/div>\n\t\t\t\t\t<\/div>\n\t\t\t\t<\/div>\n\t\t<div class=\"elementor-element elementor-element-8f1f0eb e-flex e-con-boxed e-con e-parent\" data-id=\"8f1f0eb\" data-element_type=\"container\">\n\t\t\t\t\t<div class=\"e-con-inner\">\n\t\t<div class=\"elementor-element elementor-element-248433d e-con-full e-flex e-con e-child\" data-id=\"248433d\" data-element_type=\"container\">\n\t\t\t\t<div class=\"elementor-element elementor-element-d2a6233 elementor-widget__width-initial elementor-widget elementor-widget-image\" data-id=\"d2a6233\" data-element_type=\"widget\" data-widget_type=\"image.default\">\n\t\t\t\t\t\t\t\t\t\t\t\t\t\t\t<img decoding=\"async\" width=\"750\" height=\"978\" src=\"https:\/\/shop.stadinao.eu\/RYHMAT\/2026_kevat\/Utriainen\/wp-content\/uploads\/2026\/02\/Screenshot-2026-02-27-at-10.28.28-785x1024.png\" class=\"attachment-large size-large wp-image-84\" alt=\"\" srcset=\"https:\/\/shop.stadinao.eu\/RYHMAT\/2026_kevat\/Utriainen\/wp-content\/uploads\/2026\/02\/Screenshot-2026-02-27-at-10.28.28-785x1024.png 785w, https:\/\/shop.stadinao.eu\/RYHMAT\/2026_kevat\/Utriainen\/wp-content\/uploads\/2026\/02\/Screenshot-2026-02-27-at-10.28.28-230x300.png 230w, https:\/\/shop.stadinao.eu\/RYHMAT\/2026_kevat\/Utriainen\/wp-content\/uploads\/2026\/02\/Screenshot-2026-02-27-at-10.28.28-768x1001.png 768w, https:\/\/shop.stadinao.eu\/RYHMAT\/2026_kevat\/Utriainen\/wp-content\/uploads\/2026\/02\/Screenshot-2026-02-27-at-10.28.28-1178x1536.png 1178w, https:\/\/shop.stadinao.eu\/RYHMAT\/2026_kevat\/Utriainen\/wp-content\/uploads\/2026\/02\/Screenshot-2026-02-27-at-10.28.28.png 1212w\" sizes=\"(max-width: 750px) 100vw, 750px\" style=\"width:100%;height:130.36%;max-width:1212px\" \/>\t\t\t\t\t\t\t\t\t\t\t\t\t\t\t<\/div>\n\t\t\t\t<\/div>\n\t\t<div class=\"elementor-element elementor-element-ab81f40 e-con-full e-flex e-con e-child\" data-id=\"ab81f40\" data-element_type=\"container\">\n\t\t\t\t<div class=\"elementor-element elementor-element-707c499 elementor-widget elementor-widget-text-editor\" data-id=\"707c499\" data-element_type=\"widget\" data-widget_type=\"text-editor.default\">\n\t\t\t\t\t\t\t\t\t<p><strong>Olen p\u00e4\u00e4ssyt koulussa harjoittelemaan piirtop\u00f6yd\u00e4ll\u00e4 ja Photoshopilla ty\u00f6skentely\u00e4, t\u00e4ss\u00e4 on kaksi harjoitustani.<\/strong><\/p><p>\u00a0<\/p><p>(My\u00f6s sivun aloittavat kuvitukset ovat toteutettu koulut\u00f6in\u00e4 Photoshopissa)<\/p>\t\t\t\t\t\t\t\t<\/div>\n\t\t\t\t<\/div>\n\t\t<div class=\"elementor-element elementor-element-108a9b3 e-con-full e-flex e-con e-child\" data-id=\"108a9b3\" data-element_type=\"container\">\n\t\t\t\t<div class=\"elementor-element elementor-element-69080c3 elementor-widget__width-initial elementor-widget elementor-widget-image\" data-id=\"69080c3\" data-element_type=\"widget\" data-widget_type=\"image.default\">\n\t\t\t\t\t\t\t\t\t\t\t\t\t\t\t<img loading=\"lazy\" decoding=\"async\" width=\"750\" height=\"754\" src=\"https:\/\/shop.stadinao.eu\/RYHMAT\/2026_kevat\/Utriainen\/wp-content\/uploads\/2026\/03\/Screenshot-2026-02-27-at-10.29.05-1019x1024.png\" class=\"attachment-large size-large wp-image-88\" alt=\"\" srcset=\"https:\/\/shop.stadinao.eu\/RYHMAT\/2026_kevat\/Utriainen\/wp-content\/uploads\/2026\/03\/Screenshot-2026-02-27-at-10.29.05-1019x1024.png 1019w, https:\/\/shop.stadinao.eu\/RYHMAT\/2026_kevat\/Utriainen\/wp-content\/uploads\/2026\/03\/Screenshot-2026-02-27-at-10.29.05-150x150.png 150w, https:\/\/shop.stadinao.eu\/RYHMAT\/2026_kevat\/Utriainen\/wp-content\/uploads\/2026\/03\/Screenshot-2026-02-27-at-10.29.05-768x772.png 768w, https:\/\/shop.stadinao.eu\/RYHMAT\/2026_kevat\/Utriainen\/wp-content\/uploads\/2026\/03\/Screenshot-2026-02-27-at-10.29.05-1529x1536.png 1529w, https:\/\/shop.stadinao.eu\/RYHMAT\/2026_kevat\/Utriainen\/wp-content\/uploads\/2026\/03\/Screenshot-2026-02-27-at-10.29.05-1568x1575.png 1568w, https:\/\/shop.stadinao.eu\/RYHMAT\/2026_kevat\/Utriainen\/wp-content\/uploads\/2026\/03\/Screenshot-2026-02-27-at-10.29.05.png 1706w\" sizes=\"(max-width: 750px) 100vw, 750px\" style=\"width:100%;height:100.47%;max-width:1706px\" \/>\t\t\t\t\t\t\t\t\t\t\t\t\t\t\t<\/div>\n\t\t\t\t<\/div>\n\t\t\t\t\t<\/div>\n\t\t\t\t<\/div>\n\t\t<div class=\"elementor-element elementor-element-991b542 e-flex e-con-boxed e-con e-parent\" data-id=\"991b542\" data-element_type=\"container\">\n\t\t\t\t\t<div class=\"e-con-inner\">\n\t\t\t\t<div class=\"elementor-element elementor-element-48cee6b elementor-widget elementor-widget-text-editor\" data-id=\"48cee6b\" data-element_type=\"widget\" data-widget_type=\"text-editor.default\">\n\t\t\t\t\t\t\t\t\t<p><br><\/p><p><br><\/p><p><br><\/p><p><br><\/p><p><br><\/p><p>Suurin osa t\u00f6ist\u00e4ni on tehty joko puhelimella tai tabletilla sovelluksella Ibispaint X (alla olevat).<\/p>\t\t\t\t\t\t\t\t<\/div>\n\t\t\t\t\t<\/div>\n\t\t\t\t<\/div>\n\t\t\t\t<\/div>\n\t\t","protected":false},"excerpt":{"rendered":"<p>Minjan Portfolio 2026 Moikka! Opiskelen Stadin AO:ssa media-alaa ja kuvallista ilmaisua. Olen t\u00e4t\u00e4 ennen aina harrastanut piirt\u00e4mist\u00e4 ja ylip\u00e4\u00e4t\u00e4\u00e4n taiteilua. Olen p\u00e4\u00e4ssyt koulussa harjoittelemaan piirtop\u00f6yd\u00e4ll\u00e4 ja Photoshopilla ty\u00f6skentely\u00e4, t\u00e4ss\u00e4 on kaksi harjoitustani. \u00a0 (My\u00f6s sivun aloittavat kuvitukset ovat toteutettu koulut\u00f6in\u00e4 Photoshopissa) Suurin osa t\u00f6ist\u00e4ni on tehty joko puhelimella tai tabletilla sovelluksella Ibispaint X (alla olevat).<\/p>\n","protected":false},"author":1,"featured_media":0,"parent":0,"menu_order":0,"comment_status":"closed","ping_status":"closed","template":"elementor_header_footer","meta":{"pagelayer_contact_templates":[],"_pagelayer_content":"","footnotes":""},"class_list":["post-10","page","type-page","status-publish","hentry","entry"],"_links":{"self":[{"href":"https:\/\/shop.stadinao.eu\/RYHMAT\/2026_kevat\/Utriainen\/wp-json\/wp\/v2\/pages\/10","targetHints":{"allow":["GET"]}}],"collection":[{"href":"https:\/\/shop.stadinao.eu\/RYHMAT\/2026_kevat\/Utriainen\/wp-json\/wp\/v2\/pages"}],"about":[{"href":"https:\/\/shop.stadinao.eu\/RYHMAT\/2026_kevat\/Utriainen\/wp-json\/wp\/v2\/types\/page"}],"author":[{"embeddable":true,"href":"https:\/\/shop.stadinao.eu\/RYHMAT\/2026_kevat\/Utriainen\/wp-json\/wp\/v2\/users\/1"}],"replies":[{"embeddable":true,"href":"https:\/\/shop.stadinao.eu\/RYHMAT\/2026_kevat\/Utriainen\/wp-json\/wp\/v2\/comments?post=10"}],"version-history":[{"count":61,"href":"https:\/\/shop.stadinao.eu\/RYHMAT\/2026_kevat\/Utriainen\/wp-json\/wp\/v2\/pages\/10\/revisions"}],"predecessor-version":[{"id":155,"href":"https:\/\/shop.stadinao.eu\/RYHMAT\/2026_kevat\/Utriainen\/wp-json\/wp\/v2\/pages\/10\/revisions\/155"}],"wp:attachment":[{"href":"https:\/\/shop.stadinao.eu\/RYHMAT\/2026_kevat\/Utriainen\/wp-json\/wp\/v2\/media?parent=10"}],"curies":[{"name":"wp","href":"https:\/\/api.w.org\/{rel}","templated":true}]}}