{"id":520,"date":"2026-02-11T10:28:43","date_gmt":"2026-02-11T10:28:43","guid":{"rendered":"https:\/\/shop.stadinao.eu\/RYHMAT\/2026_kevat\/Halych\/?page_id=520"},"modified":"2026-03-12T14:22:44","modified_gmt":"2026-03-12T14:22:44","slug":"toimitus-ja-maksu","status":"publish","type":"page","link":"https:\/\/shop.stadinao.eu\/RYHMAT\/2026_kevat\/Halych\/toimitus-ja-maksu\/","title":{"rendered":"Toimitus ja maksu"},"content":{"rendered":"\t\t<div data-elementor-type=\"wp-page\" data-elementor-id=\"520\" class=\"elementor elementor-520\">\n\t\t\t\t<div class=\"elementor-element elementor-element-71a5deb e-con-full e-flex e-con e-parent\" data-id=\"71a5deb\" data-element_type=\"container\">\n\t\t<div class=\"elementor-element elementor-element-23f6cb8 e-con-full e-flex e-con e-child\" data-id=\"23f6cb8\" data-element_type=\"container\">\n\t\t\t\t<div class=\"elementor-element elementor-element-ef393c0 elementor-widget elementor-widget-text-editor\" data-id=\"ef393c0\" data-element_type=\"widget\" data-widget_type=\"text-editor.default\">\n\t\t\t\t\t\t\t\t\t<p><strong>MITEN TEHD\u00c4 TILAUS?<\/strong><\/p>\t\t\t\t\t\t\t\t<\/div>\n\t\t\t\t<div class=\"elementor-element elementor-element-47005c6 elementor-widget elementor-widget-text-editor\" data-id=\"47005c6\" data-element_type=\"widget\" data-widget_type=\"text-editor.default\">\n\t\t\t\t\t\t\t\t\t<p>\u00a0<\/p><p><b>+358406104410<\/b><\/p><p>\u00a0<\/p><p>WhatsAppin, puhelimen, Messengerin, <br \/>Instagramin, Facebookin tai web-siivuston kautta<\/p>\t\t\t\t\t\t\t\t<\/div>\n\t\t\t\t<div class=\"elementor-element elementor-element-06b7cad animated-fast elementor-invisible elementor-widget elementor-widget-image\" data-id=\"06b7cad\" data-element_type=\"widget\" data-settings=\"{&quot;_animation&quot;:&quot;fadeInUp&quot;}\" data-widget_type=\"image.default\">\n\t\t\t\t\t\t\t\t\t\t\t\t\t\t\t<img fetchpriority=\"high\" decoding=\"async\" width=\"250\" height=\"217\" src=\"https:\/\/shop.stadinao.eu\/RYHMAT\/2026_kevat\/Halych\/wp-content\/uploads\/2026\/02\/Rectangle-220.png\" class=\"attachment-full size-full wp-image-545\" alt=\"\" style=\"width:100%;height:86.8%;max-width:250px\" \/>\t\t\t\t\t\t\t\t\t\t\t\t\t\t\t<\/div>\n\t\t\t\t<\/div>\n\t\t<div class=\"elementor-element elementor-element-51dfa88 e-con-full e-flex e-con e-child\" data-id=\"51dfa88\" data-element_type=\"container\">\n\t\t\t\t<div class=\"elementor-element elementor-element-2eb5812 elementor-widget elementor-widget-text-editor\" data-id=\"2eb5812\" data-element_type=\"widget\" data-widget_type=\"text-editor.default\">\n\t\t\t\t\t\t\t\t\t<p>PALJONKO TOIMITUS MAKSAA?<\/p>\t\t\t\t\t\t\t\t<\/div>\n\t\t\t\t<div class=\"elementor-element elementor-element-b8fc674 elementor-widget elementor-widget-text-editor\" data-id=\"b8fc674\" data-element_type=\"widget\" data-widget_type=\"text-editor.default\">\n\t\t\t\t\t\t\t\t\t<p><strong>10 \u20ac TOIMITUSHINTA<\/strong><\/p><p>\u00a0<\/p><p>Voit noutaa tilauksesi osoitteesta: Vantaa, Myyrm\u00e4ki, <br \/>Ruukkupolku 14A)<\/p><p>Aika: klo 16.00\u201320.00<\/p><p>\u00a0<\/p><p><strong>ILMAINEN TOIMITUS YLI 150 \u20ac TILAUKSIIN<\/strong><\/p>\t\t\t\t\t\t\t\t<\/div>\n\t\t\t\t<div class=\"elementor-element elementor-element-921fec1 animated-fast elementor-invisible elementor-widget elementor-widget-image\" data-id=\"921fec1\" data-element_type=\"widget\" data-settings=\"{&quot;_animation&quot;:&quot;fadeInUp&quot;}\" data-widget_type=\"image.default\">\n\t\t\t\t\t\t\t\t\t\t\t\t\t\t\t<img decoding=\"async\" width=\"250\" height=\"215\" src=\"https:\/\/shop.stadinao.eu\/RYHMAT\/2026_kevat\/Halych\/wp-content\/uploads\/2026\/02\/Rectangle-221.png\" class=\"attachment-full size-full wp-image-546\" alt=\"\" style=\"width:100%;height:86%;max-width:250px\" \/>\t\t\t\t\t\t\t\t\t\t\t\t\t\t\t<\/div>\n\t\t\t\t<\/div>\n\t\t<div class=\"elementor-element elementor-element-4fb9c5a e-con-full e-flex e-con e-child\" data-id=\"4fb9c5a\" data-element_type=\"container\">\n\t\t\t\t<div class=\"elementor-element elementor-element-608e79d elementor-widget elementor-widget-text-editor\" data-id=\"608e79d\" data-element_type=\"widget\" data-widget_type=\"text-editor.default\">\n\t\t\t\t\t\t\t\t\t<p>MIT\u00c4 MAKSUTAPOJA HYV\u00c4KSYTTE?<\/p>\t\t\t\t\t\t\t\t<\/div>\n\t\t\t\t<div class=\"elementor-element elementor-element-cc9ee98 elementor-widget elementor-widget-text-editor\" data-id=\"cc9ee98\" data-element_type=\"widget\" data-widget_type=\"text-editor.default\">\n\t\t\t\t\t\t\t\t\t<p>K\u00e4teinen, nettisiirto kortille<\/p><p>Maksu <strong>VAIN<\/strong> tilauksen vastaanottamisen yhteydess\u00e4<\/p><p><strong>ANNATTEKO KUITTEJA?<\/strong><\/p><p>Kyll\u00e4, toimitan kuitteja. T\u00e4t\u00e4 varten sinun on ilmoitettava etu- ja sukunimesi latinalaisin kirjaimin.<\/p>\t\t\t\t\t\t\t\t<\/div>\n\t\t\t\t<div class=\"elementor-element elementor-element-301cbf4 animated-fast elementor-invisible elementor-widget elementor-widget-image\" data-id=\"301cbf4\" data-element_type=\"widget\" data-settings=\"{&quot;_animation&quot;:&quot;fadeInUp&quot;}\" data-widget_type=\"image.default\">\n\t\t\t\t\t\t\t\t\t\t\t\t\t\t\t<img decoding=\"async\" width=\"250\" height=\"175\" src=\"https:\/\/shop.stadinao.eu\/RYHMAT\/2026_kevat\/Halych\/wp-content\/uploads\/2026\/02\/Rectangle-224.png\" class=\"attachment-full size-full wp-image-547\" alt=\"\" style=\"width:100%;height:70%;max-width:250px\" \/>\t\t\t\t\t\t\t\t\t\t\t\t\t\t\t<\/div>\n\t\t\t\t<\/div>\n\t\t\t\t<\/div>\n\t\t<div class=\"elementor-element elementor-element-7475a77 e-con-full e-flex e-con e-parent\" data-id=\"7475a77\" data-element_type=\"container\">\n\t\t<div class=\"elementor-element elementor-element-079d487 e-con-full e-flex e-con e-child\" data-id=\"079d487\" data-element_type=\"container\">\n\t\t\t\t<div class=\"elementor-element elementor-element-bbec377 elementor-widget elementor-widget-text-editor\" data-id=\"bbec377\" data-element_type=\"widget\" data-widget_type=\"text-editor.default\">\n\t\t\t\t\t\t\t\t\t<p>MIHIN ALUEILLE\/KAUPUNKEIHIN TOIMITATTE?<\/p>\t\t\t\t\t\t\t\t<\/div>\n\t\t\t\t<div class=\"elementor-element elementor-element-af7c7ff elementor-widget elementor-widget-text-editor\" data-id=\"af7c7ff\" data-element_type=\"widget\" data-widget_type=\"text-editor.default\">\n\t\t\t\t\t\t\t\t\t<p>Vantaa, Helsinki ja Espoo.<\/p><p><b>ONKO MAHDOLLISTA TILATA TOIMITUS TIETTYYN AIKAAN?<\/b><\/p><p>Ei. Toimitus kerran viikossa, torstaisin tai perjantaisin (klo 16.00-21.00)<\/p><p>Toimitusalueet vaihtuvat viikoittain: Vantaa, Espoo ja Helsinki. Tarkista toimitusp\u00e4iv\u00e4t sosiaalisessa mediassa (Instagram, Facebook).<\/p>\t\t\t\t\t\t\t\t<\/div>\n\t\t\t\t<div class=\"elementor-element elementor-element-35e26a7 animated-fast elementor-invisible elementor-widget elementor-widget-image\" data-id=\"35e26a7\" data-element_type=\"widget\" data-settings=\"{&quot;_animation&quot;:&quot;fadeInUp&quot;}\" data-widget_type=\"image.default\">\n\t\t\t\t\t\t\t\t\t\t\t\t\t\t\t<img loading=\"lazy\" decoding=\"async\" width=\"250\" height=\"117\" src=\"https:\/\/shop.stadinao.eu\/RYHMAT\/2026_kevat\/Halych\/wp-content\/uploads\/2026\/02\/Rectangle-228.png\" class=\"attachment-full size-full wp-image-549\" alt=\"\" style=\"width:100%;height:46.8%;max-width:250px\" \/>\t\t\t\t\t\t\t\t\t\t\t\t\t\t\t<\/div>\n\t\t\t\t<\/div>\n\t\t<div class=\"elementor-element elementor-element-0bd9e00 e-con-full e-flex e-con e-child\" data-id=\"0bd9e00\" data-element_type=\"container\">\n\t\t\t\t<div class=\"elementor-element elementor-element-d7aaa67 elementor-widget elementor-widget-text-editor\" data-id=\"d7aaa67\" data-element_type=\"widget\" data-widget_type=\"text-editor.default\">\n\t\t\t\t\t\t\t\t\t<p>MIK\u00c4 ON MINIMITILAUS?<\/p>\t\t\t\t\t\t\t\t<\/div>\n\t\t\t\t<div class=\"elementor-element elementor-element-a36e6db elementor-widget elementor-widget-text-editor\" data-id=\"a36e6db\" data-element_type=\"widget\" data-widget_type=\"text-editor.default\">\n\t\t\t\t\t\t\t\t\t<p>Noutopaino alkaen 1 kg<\/p><p>(kaikki puolivalmiit tuotteet pakataan <br \/>ruokalistalla olevan m\u00e4\u00e4r\u00e4n mukaan, eli jos <br \/>kyseess\u00e4 on nyytit, niin 1 kg ja pannukakut, <br \/>syrnikit &#8211; 12 kpl)<\/p><p>Toimitus: alkaen 3 kg<\/p>\t\t\t\t\t\t\t\t<\/div>\n\t\t\t\t<div class=\"elementor-element elementor-element-bc5d881 animated-fast elementor-invisible elementor-widget elementor-widget-image\" data-id=\"bc5d881\" data-element_type=\"widget\" data-settings=\"{&quot;_animation&quot;:&quot;fadeInUp&quot;}\" data-widget_type=\"image.default\">\n\t\t\t\t\t\t\t\t\t\t\t\t\t\t\t<img loading=\"lazy\" decoding=\"async\" width=\"250\" height=\"192\" src=\"https:\/\/shop.stadinao.eu\/RYHMAT\/2026_kevat\/Halych\/wp-content\/uploads\/2026\/02\/Rectangle-226.png\" class=\"attachment-full size-full wp-image-550\" alt=\"\" style=\"width:100%;height:76.8%;max-width:250px\" \/>\t\t\t\t\t\t\t\t\t\t\t\t\t\t\t<\/div>\n\t\t\t\t<\/div>\n\t\t<div class=\"elementor-element elementor-element-a1dc73b e-con-full e-flex e-con e-child\" data-id=\"a1dc73b\" data-element_type=\"container\">\n\t\t\t\t<div class=\"elementor-element elementor-element-d143dce elementor-absolute elementor-widget elementor-widget-image\" data-id=\"d143dce\" data-element_type=\"widget\" data-settings=\"{&quot;_position&quot;:&quot;absolute&quot;}\" data-widget_type=\"image.default\">\n\t\t\t\t\t\t\t\t\t\t\t\t\t\t\t<img loading=\"lazy\" decoding=\"async\" width=\"2048\" height=\"2048\" src=\"https:\/\/shop.stadinao.eu\/RYHMAT\/2026_kevat\/Halych\/wp-content\/uploads\/2026\/01\/pelmen_ai.png\" class=\"attachment-full size-full wp-image-41\" alt=\"\" srcset=\"https:\/\/shop.stadinao.eu\/RYHMAT\/2026_kevat\/Halych\/wp-content\/uploads\/2026\/01\/pelmen_ai.png 2048w, https:\/\/shop.stadinao.eu\/RYHMAT\/2026_kevat\/Halych\/wp-content\/uploads\/2026\/01\/pelmen_ai-450x450.png 450w, https:\/\/shop.stadinao.eu\/RYHMAT\/2026_kevat\/Halych\/wp-content\/uploads\/2026\/01\/pelmen_ai-100x100.png 100w, https:\/\/shop.stadinao.eu\/RYHMAT\/2026_kevat\/Halych\/wp-content\/uploads\/2026\/01\/pelmen_ai-600x600.png 600w, https:\/\/shop.stadinao.eu\/RYHMAT\/2026_kevat\/Halych\/wp-content\/uploads\/2026\/01\/pelmen_ai-300x300.png 300w, https:\/\/shop.stadinao.eu\/RYHMAT\/2026_kevat\/Halych\/wp-content\/uploads\/2026\/01\/pelmen_ai-1024x1024.png 1024w, https:\/\/shop.stadinao.eu\/RYHMAT\/2026_kevat\/Halych\/wp-content\/uploads\/2026\/01\/pelmen_ai-150x150.png 150w, https:\/\/shop.stadinao.eu\/RYHMAT\/2026_kevat\/Halych\/wp-content\/uploads\/2026\/01\/pelmen_ai-768x768.png 768w, https:\/\/shop.stadinao.eu\/RYHMAT\/2026_kevat\/Halych\/wp-content\/uploads\/2026\/01\/pelmen_ai-1536x1536.png 1536w, https:\/\/shop.stadinao.eu\/RYHMAT\/2026_kevat\/Halych\/wp-content\/uploads\/2026\/01\/pelmen_ai-1568x1568.png 1568w\" sizes=\"(max-width: 2048px) 100vw, 2048px\" style=\"width:100%;height:100%;max-width:2048px\" \/>\t\t\t\t\t\t\t\t\t\t\t\t\t\t\t<\/div>\n\t\t\t\t<\/div>\n\t\t\t\t<\/div>\n\t\t<div class=\"elementor-element elementor-element-3035d2c e-flex e-con-boxed e-con e-parent\" data-id=\"3035d2c\" data-element_type=\"container\" data-settings=\"{&quot;background_background&quot;:&quot;classic&quot;}\">\n\t\t\t\t\t<div class=\"e-con-inner\">\n\t\t<div class=\"elementor-element elementor-element-c8616a9 e-con-full e-flex e-con e-child\" data-id=\"c8616a9\" data-element_type=\"container\">\n\t\t\t\t<div class=\"elementor-element elementor-element-8e52ab6 elementor-widget elementor-widget-text-editor\" data-id=\"8e52ab6\" data-element_type=\"widget\" data-widget_type=\"text-editor.default\">\n\t\t\t\t\t\t\t\t\t<p>YHTEYSTIEDOT<\/p>\t\t\t\t\t\t\t\t<\/div>\n\t\t\t\t<div class=\"elementor-element elementor-element-c34f150 elementor-widget elementor-widget-text-editor\" data-id=\"c34f150\" data-element_type=\"widget\" data-widget_type=\"text-editor.default\">\n\t\t\t\t\t\t\t\t\t<p>Vantaa, Myyrm\u00e4ki, <br \/>Ruukkupolku 14A<br \/>Y-tunnus 3382458-3 <br \/>\u00abDumpling Empire Daria\u00ab<\/p><p>\u00a0<\/p><p>+358406104410<\/p>\t\t\t\t\t\t\t\t<\/div>\n\t\t\t\t<div class=\"elementor-element elementor-element-c8068e1 elementor-widget__width-initial elementor-shape-rounded elementor-grid-0 e-grid-align-center elementor-widget elementor-widget-social-icons\" data-id=\"c8068e1\" data-element_type=\"widget\" data-widget_type=\"social-icons.default\">\n\t\t\t\t\t\t\t<div class=\"elementor-social-icons-wrapper elementor-grid\" role=\"list\">\n\t\t\t\t\t\t\t<span class=\"elementor-grid-item\" role=\"listitem\">\n\t\t\t\t\t<a class=\"elementor-icon elementor-social-icon elementor-social-icon- elementor-animation-shrink elementor-repeater-item-683b2e5\" href=\"https:\/\/www.instagram.com\/daria_pelmeni_finland\" target=\"_blank\">\n\t\t\t\t\t\t<span class=\"elementor-screen-only\"><\/span>\n\t\t\t\t\t\t<svg xmlns=\"http:\/\/www.w3.org\/2000\/svg\" xmlns:xlink=\"http:\/\/www.w3.org\/1999\/xlink\" width=\"48\" height=\"48\" viewBox=\"0 0 48 48\"><image id=\"Rectangle_181\" data-name=\"Rectangle 181\" width=\"48\" height=\"48\" xlink:href=\"data:image\/png;base64,iVBORw0KGgoAAAANSUhEUgAAADAAAAAwCAYAAABXAvmHAAAACXBIWXMAAAsTAAALEwEAmpwYAAACqklEQVR4nO2Zy05UQRCGPwbHhTOw0Gcwxkt0fBHRBF5AZHRjTAwYBYkuROJzCEQuLrwu1Fcw7kAh0a2YCMoMW8Z0UiepdPT0mb7MSHL+pJOT6br8xamurlNAiRIlShwmVIExYAn4DLSBTuBqi61FsW18JMEVYCsCYdfaAi7HJF4BnvSAeMda8+I7GDb578A0cAGoRbBfAxrAjNi2gwhOG23wGVAnHYaAZcvniK+xo1bOG\/IDpMcAsKL8bvoe7DErbVL+5R9LNZpTb2Jb+R\/1MbqkDJicT4mW+NlTv91X\/hd8jH5RBs4X1DkBTACvRb+t6vwr4JrI2JiTIB6p3xrKv9HvGnvKgCt9TI7eAX4XKI+\/gKkCeT2kdPSbKQzt1FUG33rU+Q9CMgYHb2Vz0by3ZD8CTeCkBFeT56bsadl3jssqeQBTSuYAuOsgZPbuiWymN9mvAMzr31EyD7qw\/VDp\/cw5Y0kDuK72N4DBLmwPSmXpyGp6csiFS\/m52r\/pYf+W0l\/z5JALl\/I3tX\/aw\/5Zpf\/Vk0MuXMr7av+Yh32jk+nve3LoawDm4Gb6LU8O0VLojIf9c\/1OobWIh3jVk0MuXMrNgDJ6xGoWJzw55MKlXJdL6NBeZEgboFuJ6QKtxIzVStzOkU8eQEUaMi37SW7pU6qZM883ZO+\/auYQgm8s+SLLdLFJ2+luP2gm5WPFRXxX0sYc5KQfND6flMeBceClVKa2XFLm+QVwVWSKoBH6SbmoDJiD12vMKv9PY4xVXPkaE8PAj9CxStUabC33cLC1GmOwhUyJ9QFcSfwmhi3y5r64FGp03gpiW4ZOFyNN6+pia9ZKm45M7IJR+UsQqdeBkI8yXs8wIvmYmvxmjLT5F6pSERaktmczzZDVAtalVI6m\/BdTiRIlShAdfwAepwQyvIz20AAAAABJRU5ErkJggg==\"><\/image><\/svg>\t\t\t\t\t<\/a>\n\t\t\t\t<\/span>\n\t\t\t\t\t\t\t<span class=\"elementor-grid-item\" role=\"listitem\">\n\t\t\t\t\t<a class=\"elementor-icon elementor-social-icon elementor-social-icon- elementor-animation-shrink elementor-repeater-item-5b687ed\" href=\"https:\/\/www.facebook.com\/DariaPelmeni\/\" target=\"_blank\">\n\t\t\t\t\t\t<span class=\"elementor-screen-only\"><\/span>\n\t\t\t\t\t\t<svg xmlns=\"http:\/\/www.w3.org\/2000\/svg\" xmlns:xlink=\"http:\/\/www.w3.org\/1999\/xlink\" width=\"48\" height=\"48\" viewBox=\"0 0 48 48\"><image id=\"Rectangle_182\" data-name=\"Rectangle 182\" width=\"48\" height=\"48\" xlink:href=\"data:image\/png;base64,iVBORw0KGgoAAAANSUhEUgAAADAAAAAwCAYAAABXAvmHAAAACXBIWXMAAAsTAAALEwEAmpwYAAAB1ElEQVR4nO2ZT0rDQBSHvxYqQk17AL2DthdwKW7aTY+jdaFt3YpHsDup3kalCII724XYSv2zMBKYwGMQ0mQmkxbng1nO773fzMsk8wIej8ezTlSADjAE7oF3IDQcc6U1VNpRjFxoA2MLCSeNsYpljTIwcJB4KMYP0FexjdGTfwGOgD2gakG\/CjSU5kSLFZkwoq1WIxa8BgLyowaMtJ1oZRWraDUfJV8if8qaiXHWB7ujlU2eK69T18opyiU1QyEQ1adruiL+VRaBByGwi3saIn6US2rmQmAL9wTayy418jgzYQe4BJ6Ab6G5AE7zzMGGgX3gNeEzorSqBrYTkv8EzvPMwdTAhZj\/DBwAmy5zCA0NPIr5hxk1wiINLCycYmGRBr7E\/I2MGqE3wPKTz7SySRofQG+VDMxSJL+S74GeWtU0OzCwnMP\/fgZ0vAG8AdbbwExMDgowUBPz30yvlFEPyLWBpumVUl7qjwswcGJ6qZdtlYnaUlcG6sDUtK2iN7ZGKXuVWQ2UgVsbja2\/WosjtTp5GagDN7ZaizF97TibqqZTM+GisqyBQGl1tbKx0tyNt7Sv7cRatddjWg5\/cLRw9ItJdu+yjjlwp47KXH8xeTweD9b5Beihz6gghcwuAAAAAElFTkSuQmCC\"><\/image><\/svg>\t\t\t\t\t<\/a>\n\t\t\t\t<\/span>\n\t\t\t\t\t\t\t<span class=\"elementor-grid-item\" role=\"listitem\">\n\t\t\t\t\t<a class=\"elementor-icon elementor-social-icon elementor-social-icon- elementor-animation-shrink elementor-repeater-item-d42e750\" href=\"https:\/\/l.facebook.com\/l.php?u=https%3A%2F%2Fapi.whatsapp.com%2Fsend%3Fphone%3D358406104410%26token%3DeyJhbGciOiJFUzI1NiIsInR5cCI6IkpXVCIsImtpZCI6IjEyNSJ9.eyJleHAiOjE3NzI3ODE3NzAsInBob25lIjoiMzU4NDA2MTA0NDEwIiwidGV4dCI6Ikxpbms6XG5odHRwczpcL1wvZmIubWVcLzdkb01PUXV0a1xuXG5JIHNhdyB0aGlzIG9uIEZhY2Vib29rLi4uIiwiYXBwIjoiZmFjZWJvb2sifQ.5H0dcWWW1TYBQZNcUEfCAJq3cCyeO-B_B8Ok1gD8K1fv0-XMiBk1E-6mSLkFvT_duKpw2HaXXjfzBI3TGdabFA&#038;h=AT7pl-aXG7KoJ0hNIGkHkTUBmNza9siDhEnrrjzOoCwrYKAyXhqONzLr0xajizZ_rwVS89Sq20XauQZgutkPZ58awZQGsG3F92jCNkisXftcTfOxdcx3R443eI02c3uCzmc1oeQDBxe9lNaQHQEMdgNkAVs&#038;__tn__=-UK-R&#038;c%5B0%5D=AT4blgI7QJzrMyUpjcQOohseaa6GC_LPQgjinCRQRrmVkEVEI3bvwLFWDjoHF_S8fh6Zib0u6ywxSDeKUdxvnD7vojlCWnzpuAA3MYapbsNaRMOC4fLP5lnBska3ztyIEpJmRHr23l9zzZIkdoaMuNdEEEBiPImFVb3IeIXBHOVVSxm4I4xZsLamBDNmed_4jRqtcQ_-Mq_bw77OlGaeyAvs-ao0KytHqJ5X\" target=\"_blank\">\n\t\t\t\t\t\t<span class=\"elementor-screen-only\"><\/span>\n\t\t\t\t\t\t<svg xmlns=\"http:\/\/www.w3.org\/2000\/svg\" xmlns:xlink=\"http:\/\/www.w3.org\/1999\/xlink\" width=\"48\" height=\"48\" viewBox=\"0 0 48 48\"><image id=\"Rectangle_183\" data-name=\"Rectangle 183\" width=\"48\" height=\"48\" xlink:href=\"data:image\/png;base64,iVBORw0KGgoAAAANSUhEUgAAADAAAAAwCAYAAABXAvmHAAAACXBIWXMAAAsTAAALEwEAmpwYAAADuElEQVR4nO2ZaYiOURTHf2Psu7GT5ZNSPtiVz8qWXcOUQvgue4poJHvISNmXkC0kW5ZQCCWmKMmSfQsjzNi7daZOt2e5z\/Pedyjvv86n957\/Ofd57z3bhRxyyMEHqgO9gWnAIeA68Bj4DFQAb4FSYB8wF+gFVOMfQDugGHgB\/E4oz4FFQPu\/4XhTYAPwI4XjtlQAa4HmVeX8eDkStiNPge3AJDki5svWBWrKhnsCE4BtwMsA\/TdAYbbPeUmA4dPAMCA\/Iddw4GIAX4n87hXmS56xDN0DBnrgHgw8srhPALXxBPM1jlkGdvg0ADQEdls2jsnxyxhbLOI5ZAd5wELL1rpMScdahPPJPootm2PSErWUyFBJtImqw15l9zVQkIZkoyJ5ANQPWGPC5VXJuGXASaBV5v7TQGymPkptgXJF0C8kCwflg8P4wWDF+RVok0R5hVK+4LDGlgF+9sAFxbk4STR4phQHhay7E7GBU1n4Fx67FoDdrPQeplQRsYH7HnPQK8Xbx0VprlLYGbGuLMT5H55rmo2Ke6aLwkGlYIqvMJwPcX4UfjFR8R9wUdBn24TJMMwIcH4c\/tFd2bjpovBOKZgyOAwFEv8r164nO2iubBjfYvFdKdSKWbtIrTV3ogP+UUvZMB8sFjq6VHfImLqdvOyrggzZgEmusXivFJo5rB8B\/FI6myWX+EJLqy6KRalSMBfIBSutC708YhNF0sCYZDcwYV667eLMIaVgQpgL8q0K0sjWgDtUGDAIOAK0juCeotaaEB+L2UrBzHFcUcPavJErQEf5fULEFON4BO8OtW6qiyO9lcInoE7CTdj\/RJmMYH5GlB4fIvh0kOjh4kSeFE6VSqNJBnOcllgXO07KQrgK1ZonSSYfxVb2SxNVhsqsyGUDJ0I4LqVtZ9tYDU3a+qaeJDudsW35GFKy6K\/\/LWlDY7BKEZwjMzQBpgNnJc+US0hcLN1f0JhF\/3tr0hjtpAgeUnWoJqG10ra5xI3SEPVVJDeoOiyzjljq3qIoaQLJEHkBzi\/NhFAnNHMfsokCq5EycjTTR5CSmAzY0LHYi8PIgAeS\/T5mr3qgaypOg87SM19XieqSnNMkI\/F80bkWEFZX+3p+0lWpKQ\/uxiQj0y3tAiZLXG8hxVxN6ap6SnG4xxpZ\/hZ5JsnPG3RfECTlVrJLK19kdNgYz3gYYOyTVKhFcgfMV54X8EDhIiZRLcjm21h\/KepeyhvBkJiL1RWYJUekVPS+ShlgjtctiTQmI3fJltM55PC\/4Q94k\/yKY4gcaQAAAABJRU5ErkJggg==\"><\/image><\/svg>\t\t\t\t\t<\/a>\n\t\t\t\t<\/span>\n\t\t\t\t\t\t\t<span class=\"elementor-grid-item\" role=\"listitem\">\n\t\t\t\t\t<a class=\"elementor-icon elementor-social-icon elementor-social-icon- elementor-animation-shrink elementor-repeater-item-c6f5e34\" href=\"https:\/\/www.tiktok.com\/@pelmenivantaafinland\" target=\"_blank\">\n\t\t\t\t\t\t<span class=\"elementor-screen-only\"><\/span>\n\t\t\t\t\t\t<svg xmlns=\"http:\/\/www.w3.org\/2000\/svg\" xmlns:xlink=\"http:\/\/www.w3.org\/1999\/xlink\" width=\"48\" height=\"48\" viewBox=\"0 0 48 48\"><image id=\"Rectangle_184\" data-name=\"Rectangle 184\" width=\"48\" height=\"48\" xlink:href=\"data:image\/png;base64,iVBORw0KGgoAAAANSUhEUgAAADAAAAAwCAYAAABXAvmHAAAACXBIWXMAAAsTAAALEwEAmpwYAAABz0lEQVR4nO2ZT0rDQBTGf\/7rCbppldaN4AE8ga1uvIW40o2C9gouRRBtj6EbF64tItUTiLV2JW7UoqiNjARGeIRUSdJMOjgfPEIz733zfdNMZzIFBwcHh1HHLNAAuoAHqJTD033VgXJS8cvAiwHRakA8A9UkI5+leCVMlOIYaAiSW2ARyJE+ckAFaIv+j+IQdQWBL940KqL\/ThwCOWFNjHwQucDEjgz5HGYFlUSDMyCwB\/T11UoDfc3jX6dsNKBEzNtuoGa7gUdgxmYDCrgBFmw24McHcADM2WagF\/j8BeymoSFq8QSwBhwDK79w+bvcs8A9DxjP0kAeuBL5D39wjenN2gnwCuwPQUPs4kmgFcg\/HZIQZcLAqsj7BLZCdq8jbeBS5G0OWYgyYeBN5OVtNNATeYWQ9unA+20aGhIVX4i87ZD2mmhvpqQhUfGGyHsHdoCijpq+99O+npKGRMX+L871gO2CjFbEdwGjC1kxsJCFiS+krCFxcU4\/Tk09sf04149N1JHPxEAaUP\/agGf7wdZ9xkeLVdH\/XRyCuiBoa0JTh7tLgcPdwzhEZb30q4zjKe7xOnrUnzMWXyEhSvor7Bj8i6mj+4w98g4ODg4YwTfPqPCtR96WZQAAAABJRU5ErkJggg==\"><\/image><\/svg>\t\t\t\t\t<\/a>\n\t\t\t\t<\/span>\n\t\t\t\t\t<\/div>\n\t\t\t\t\t\t<\/div>\n\t\t\t\t<\/div>\n\t\t\t\t\t<\/div>\n\t\t\t\t<\/div>\n\t\t\t\t<\/div>\n\t\t","protected":false},"excerpt":{"rendered":"<p>MITEN TEHD\u00c4 TILAUS? \u00a0 +358406104410 \u00a0 WhatsAppin, puhelimen, Messengerin, Instagramin, Facebookin tai web-siivuston kautta PALJONKO TOIMITUS MAKSAA? 10 \u20ac TOIMITUSHINTA \u00a0 Voit noutaa tilauksesi osoitteesta: Vantaa, Myyrm\u00e4ki, Ruukkupolku 14A) Aika: klo 16.00\u201320.00 \u00a0 ILMAINEN TOIMITUS YLI 150 \u20ac TILAUKSIIN MIT\u00c4 MAKSUTAPOJA HYV\u00c4KSYTTE? K\u00e4teinen, nettisiirto kortille Maksu VAIN tilauksen vastaanottamisen yhteydess\u00e4 ANNATTEKO KUITTEJA? Kyll\u00e4, toimitan kuitteja.&hellip; <a class=\"more-link\" href=\"https:\/\/shop.stadinao.eu\/RYHMAT\/2026_kevat\/Halych\/toimitus-ja-maksu\/\">Jatka lukemista <span class=\"screen-reader-text\">Toimitus ja maksu<\/span><\/a><\/p>\n","protected":false},"author":1,"featured_media":0,"parent":0,"menu_order":0,"comment_status":"closed","ping_status":"closed","template":"elementor_header_footer","meta":{"pagelayer_contact_templates":[],"_pagelayer_content":"","footnotes":""},"class_list":["post-520","page","type-page","status-publish","hentry","entry"],"_links":{"self":[{"href":"https:\/\/shop.stadinao.eu\/RYHMAT\/2026_kevat\/Halych\/wp-json\/wp\/v2\/pages\/520","targetHints":{"allow":["GET"]}}],"collection":[{"href":"https:\/\/shop.stadinao.eu\/RYHMAT\/2026_kevat\/Halych\/wp-json\/wp\/v2\/pages"}],"about":[{"href":"https:\/\/shop.stadinao.eu\/RYHMAT\/2026_kevat\/Halych\/wp-json\/wp\/v2\/types\/page"}],"author":[{"embeddable":true,"href":"https:\/\/shop.stadinao.eu\/RYHMAT\/2026_kevat\/Halych\/wp-json\/wp\/v2\/users\/1"}],"replies":[{"embeddable":true,"href":"https:\/\/shop.stadinao.eu\/RYHMAT\/2026_kevat\/Halych\/wp-json\/wp\/v2\/comments?post=520"}],"version-history":[{"count":286,"href":"https:\/\/shop.stadinao.eu\/RYHMAT\/2026_kevat\/Halych\/wp-json\/wp\/v2\/pages\/520\/revisions"}],"predecessor-version":[{"id":1766,"href":"https:\/\/shop.stadinao.eu\/RYHMAT\/2026_kevat\/Halych\/wp-json\/wp\/v2\/pages\/520\/revisions\/1766"}],"wp:attachment":[{"href":"https:\/\/shop.stadinao.eu\/RYHMAT\/2026_kevat\/Halych\/wp-json\/wp\/v2\/media?parent=520"}],"curies":[{"name":"wp","href":"https:\/\/api.w.org\/{rel}","templated":true}]}}