{"id":6,"date":"2024-11-06T08:07:12","date_gmt":"2024-11-06T08:07:12","guid":{"rendered":"https:\/\/shop.stadinao.eu\/RYHMAT\/2024_syksy\/Lampikoski\/?page_id=6"},"modified":"2024-12-12T09:10:53","modified_gmt":"2024-12-12T09:10:53","slug":"etusivu","status":"publish","type":"page","link":"https:\/\/shop.stadinao.eu\/RYHMAT\/2024_syksy\/Lampikoski\/","title":{"rendered":"Etusivu"},"content":{"rendered":"\t\t<div data-elementor-type=\"wp-page\" data-elementor-id=\"6\" class=\"elementor elementor-6\">\n\t\t\t\t<div class=\"elementor-element elementor-element-e5974b4 e-flex e-con-boxed e-con e-parent\" data-id=\"e5974b4\" data-element_type=\"container\" data-e-type=\"container\">\n\t\t\t\t\t<div class=\"e-con-inner\">\n\t\t\t\t<div class=\"elementor-element elementor-element-0a352dc elementor-widget elementor-widget-menu-anchor\" data-id=\"0a352dc\" data-element_type=\"widget\" data-e-type=\"widget\" data-widget_type=\"menu-anchor.default\">\n\t\t\t\t<div class=\"elementor-widget-container\">\n\t\t\t\t\t\t\t<div class=\"elementor-menu-anchor\" id=\"YLOS\"><\/div>\n\t\t\t\t\t\t<\/div>\n\t\t\t\t<\/div>\n\t\t\t\t\t<\/div>\n\t\t\t\t<\/div>\n\t\t<div class=\"elementor-element elementor-element-258ff8f e-flex e-con-boxed e-con e-parent\" data-id=\"258ff8f\" data-element_type=\"container\" data-e-type=\"container\">\n\t\t\t\t\t<div class=\"e-con-inner\">\n\t\t\t\t<div class=\"elementor-element elementor-element-e12909b elementor-widget elementor-widget-heading\" data-id=\"e12909b\" data-element_type=\"widget\" data-e-type=\"widget\" data-widget_type=\"heading.default\">\n\t\t\t\t<div class=\"elementor-widget-container\">\n\t\t\t\t\t<h2 class=\"elementor-heading-title elementor-size-default\">Portfolio<\/h2>\t\t\t\t<\/div>\n\t\t\t\t<\/div>\n\t\t\t\t\t<\/div>\n\t\t\t\t<\/div>\n\t\t<div class=\"elementor-element elementor-element-fc6a903 e-grid e-con-full e-con e-parent\" data-id=\"fc6a903\" data-element_type=\"container\" data-e-type=\"container\">\n\t\t\t\t<div class=\"elementor-element elementor-element-5539ffe elementor-widget elementor-widget-image\" data-id=\"5539ffe\" data-element_type=\"widget\" data-e-type=\"widget\" data-widget_type=\"image.default\">\n\t\t\t\t<div class=\"elementor-widget-container\">\n\t\t\t\t\t\t\t\t\t\t\t\t\t\t\t<img fetchpriority=\"high\" decoding=\"async\" width=\"300\" height=\"246\" src=\"https:\/\/shop.stadinao.eu\/RYHMAT\/2024_syksy\/Lampikoski\/wp-content\/uploads\/2024\/11\/Screenshot-2024-11-29-at-11.54.42-300x246.png\" class=\"attachment-medium size-medium wp-image-82\" alt=\"\" srcset=\"https:\/\/shop.stadinao.eu\/RYHMAT\/2024_syksy\/Lampikoski\/wp-content\/uploads\/2024\/11\/Screenshot-2024-11-29-at-11.54.42-300x246.png 300w, https:\/\/shop.stadinao.eu\/RYHMAT\/2024_syksy\/Lampikoski\/wp-content\/uploads\/2024\/11\/Screenshot-2024-11-29-at-11.54.42-1024x840.png 1024w, https:\/\/shop.stadinao.eu\/RYHMAT\/2024_syksy\/Lampikoski\/wp-content\/uploads\/2024\/11\/Screenshot-2024-11-29-at-11.54.42-768x630.png 768w, https:\/\/shop.stadinao.eu\/RYHMAT\/2024_syksy\/Lampikoski\/wp-content\/uploads\/2024\/11\/Screenshot-2024-11-29-at-11.54.42-1536x1260.png 1536w, https:\/\/shop.stadinao.eu\/RYHMAT\/2024_syksy\/Lampikoski\/wp-content\/uploads\/2024\/11\/Screenshot-2024-11-29-at-11.54.42.png 1828w\" sizes=\"(max-width: 300px) 100vw, 300px\" \/>\t\t\t\t\t\t\t\t\t\t\t\t\t\t\t<\/div>\n\t\t\t\t<\/div>\n\t\t\t\t<div class=\"elementor-element elementor-element-c1454c4 elementor-widget elementor-widget-text-editor\" data-id=\"c1454c4\" data-element_type=\"widget\" data-e-type=\"widget\" data-widget_type=\"text-editor.default\">\n\t\t\t\t<div class=\"elementor-widget-container\">\n\t\t\t\t\t\t\t\t\t<h2>Etusivu<\/h2>\n<H5>Tervetuloa, olen Emil, opiskelen media-alaa, asun Helsingiss\u00e4.<\/H5>\t\t\t\t\t\t\t\t<\/div>\n\t\t\t\t<\/div>\n\t\t\t\t<\/div>\n\t\t<div class=\"elementor-element elementor-element-6d38eb4 e-flex e-con-boxed e-con e-parent\" data-id=\"6d38eb4\" data-element_type=\"container\" data-e-type=\"container\">\n\t\t\t\t\t<div class=\"e-con-inner\">\n\t\t\t\t<div class=\"elementor-element elementor-element-e7dcaef elementor-widget elementor-widget-html\" data-id=\"e7dcaef\" data-element_type=\"widget\" data-e-type=\"widget\" data-widget_type=\"html.default\">\n\t\t\t\t<div class=\"elementor-widget-container\">\n\t\t\t\t\t\r\n    <style>\r\n        #header{\r\n       \t\t display:none;\r\n    \t\t}\r\n    \t  #footer{\r\n        \t\tdisplay: none;\r\n    \t\t}\r\n    \t  hr{\r\n        \t\tdisplay: none;\r\n    \t\t}\r\n        body {\r\n            background-color: aqua;\r\n            color: white; \/* Ensures text is visible *\/\r\n        }\r\n    <\/style>\r\n\t\t\t\t<\/div>\n\t\t\t\t<\/div>\n\t\t\t\t\t<\/div>\n\t\t\t\t<\/div>\n\t\t<div class=\"elementor-element elementor-element-1b0de60 e-flex e-con-boxed e-con e-parent\" data-id=\"1b0de60\" data-element_type=\"container\" data-e-type=\"container\">\n\t\t\t\t\t<div class=\"e-con-inner\">\n\t\t\t\t<div class=\"elementor-element elementor-element-b7f57a4 elementor-widget elementor-widget-html\" data-id=\"b7f57a4\" data-element_type=\"widget\" data-e-type=\"widget\" data-widget_type=\"html.default\">\n\t\t\t\t<div class=\"elementor-widget-container\">\n\t\t\t\t\t<!DOCTYPE html>\r\n<html lang=\"en\">\r\n<head>\r\n    <meta charset=\"UTF-8\">\r\n    <meta name=\"viewport\" content=\"width=device-width, initial-scale=1.0\">\r\n    <title>Normal Text Example<\/title>\r\n<\/head>\r\n<body>\r\n    <h2>Omia t\u00f6it\u00e4ni<\/h2> <!-- Large text for a title -->\r\n    <h4><\/h4> <!-- A paragraph -->\r\n<\/body>\r\n<\/html>\r\n\t\t\t\t<\/div>\n\t\t\t\t<\/div>\n\t\t\t\t\t<\/div>\n\t\t\t\t<\/div>\n\t\t<div class=\"elementor-element elementor-element-f033a21 e-flex e-con-boxed e-con e-parent\" data-id=\"f033a21\" data-element_type=\"container\" data-e-type=\"container\">\n\t\t\t\t\t<div class=\"e-con-inner\">\n\t\t\t\t\t<\/div>\n\t\t\t\t<\/div>\n\t\t<div class=\"elementor-element elementor-element-2004a2e e-grid e-con-boxed e-con e-parent\" data-id=\"2004a2e\" data-element_type=\"container\" data-e-type=\"container\">\n\t\t\t\t\t<div class=\"e-con-inner\">\n\t\t\t\t<div class=\"elementor-element elementor-element-2294323 elementor-widget elementor-widget-video\" data-id=\"2294323\" data-element_type=\"widget\" data-e-type=\"widget\" data-settings=\"{&quot;video_type&quot;:&quot;hosted&quot;,&quot;controls&quot;:&quot;yes&quot;}\" data-widget_type=\"video.default\">\n\t\t\t\t<div class=\"elementor-widget-container\">\n\t\t\t\t\t\t\t<div class=\"e-hosted-video elementor-wrapper elementor-open-inline\">\n\t\t\t\t\t<video class=\"elementor-video\" src=\"https:\/\/shop.stadinao.eu\/RYHMAT\/2024_syksy\/Lampikoski\/wp-content\/uploads\/2024\/12\/logoELVIDEO.mp4\" controls=\"\" preload=\"metadata\" controlsList=\"nodownload\"><\/video>\n\t\t\t\t<\/div>\n\t\t\t\t\t\t<\/div>\n\t\t\t\t<\/div>\n\t\t\t\t<div class=\"elementor-element elementor-element-2df48db elementor-widget elementor-widget-heading\" data-id=\"2df48db\" data-element_type=\"widget\" data-e-type=\"widget\" data-widget_type=\"heading.default\">\n\t\t\t\t<div class=\"elementor-widget-container\">\n\t\t\t\t\t<h4 class=\"elementor-heading-title elementor-size-default\">Animoitu logo jonka tein adobe animate ohjelmalla, jossa t\u00e4hti py\u00f6rii keskell\u00e4.<\/h4>\t\t\t\t<\/div>\n\t\t\t\t<\/div>\n\t\t\t\t\t<\/div>\n\t\t\t\t<\/div>\n\t\t<div class=\"elementor-element elementor-element-21bea93 e-grid e-con-boxed e-con e-parent\" data-id=\"21bea93\" data-element_type=\"container\" data-e-type=\"container\">\n\t\t\t\t\t<div class=\"e-con-inner\">\n\t\t\t\t<div class=\"elementor-element elementor-element-9185095 elementor-widget elementor-widget-video\" data-id=\"9185095\" data-element_type=\"widget\" data-e-type=\"widget\" data-settings=\"{&quot;video_type&quot;:&quot;hosted&quot;,&quot;controls&quot;:&quot;yes&quot;}\" data-widget_type=\"video.default\">\n\t\t\t\t<div class=\"elementor-widget-container\">\n\t\t\t\t\t\t\t<div class=\"e-hosted-video elementor-wrapper elementor-open-inline\">\n\t\t\t\t\t<video class=\"elementor-video\" src=\"https:\/\/shop.stadinao.eu\/RYHMAT\/2024_syksy\/Lampikoski\/wp-content\/uploads\/2024\/12\/Morkooo.mp4\" controls=\"\" preload=\"metadata\" controlsList=\"nodownload\"><\/video>\n\t\t\t\t<\/div>\n\t\t\t\t\t\t<\/div>\n\t\t\t\t<\/div>\n\t\t\t\t<div class=\"elementor-element elementor-element-3a8554c elementor-widget elementor-widget-heading\" data-id=\"3a8554c\" data-element_type=\"widget\" data-e-type=\"widget\" data-widget_type=\"heading.default\">\n\t\t\t\t<div class=\"elementor-widget-container\">\n\t\t\t\t\t<h4 class=\"elementor-heading-title elementor-size-default\">Tein animaation jossa on m\u00f6rk\u00f6 joka muuttuu iloisesta surulliseksi. Tein ty\u00f6n Adobe Animatella<\/h4>\t\t\t\t<\/div>\n\t\t\t\t<\/div>\n\t\t\t\t\t<\/div>\n\t\t\t\t<\/div>\n\t\t<div class=\"elementor-element elementor-element-a935f54 e-grid e-con-boxed e-con e-parent\" data-id=\"a935f54\" data-element_type=\"container\" data-e-type=\"container\">\n\t\t\t\t\t<div class=\"e-con-inner\">\n\t\t\t\t<div class=\"elementor-element elementor-element-0f1b31b elementor-widget elementor-widget-video\" data-id=\"0f1b31b\" data-element_type=\"widget\" data-e-type=\"widget\" data-settings=\"{&quot;video_type&quot;:&quot;hosted&quot;,&quot;controls&quot;:&quot;yes&quot;}\" data-widget_type=\"video.default\">\n\t\t\t\t<div class=\"elementor-widget-container\">\n\t\t\t\t\t\t\t<div class=\"e-hosted-video elementor-wrapper elementor-open-inline\">\n\t\t\t\t\t<video class=\"elementor-video\" src=\"https:\/\/shop.stadinao.eu\/RYHMAT\/2024_syksy\/Lampikoski\/wp-content\/uploads\/2024\/12\/Emillopputyoo.mp4\" controls=\"\" preload=\"metadata\" controlsList=\"nodownload\"><\/video>\n\t\t\t\t<\/div>\n\t\t\t\t\t\t<\/div>\n\t\t\t\t<\/div>\n\t\t\t\t<div class=\"elementor-element elementor-element-d633f30 elementor-widget elementor-widget-heading\" data-id=\"d633f30\" data-element_type=\"widget\" data-e-type=\"widget\" data-widget_type=\"heading.default\">\n\t\t\t\t<div class=\"elementor-widget-container\">\n\t\t\t\t\t<h4 class=\"elementor-heading-title elementor-size-default\">Vene animaatio jossa vene purjehtii majakkaa kohti.<br>Tein ty\u00f6n Adobe illustratorilla ja Animatella<\/h4>\t\t\t\t<\/div>\n\t\t\t\t<\/div>\n\t\t\t\t\t<\/div>\n\t\t\t\t<\/div>\n\t\t<div class=\"elementor-element elementor-element-d680b21 e-grid e-con-boxed e-con e-parent\" data-id=\"d680b21\" data-element_type=\"container\" data-e-type=\"container\">\n\t\t\t\t\t<div class=\"e-con-inner\">\n\t\t\t\t<div class=\"elementor-element elementor-element-5dab1bb elementor-widget elementor-widget-video\" data-id=\"5dab1bb\" data-element_type=\"widget\" data-e-type=\"widget\" data-settings=\"{&quot;video_type&quot;:&quot;hosted&quot;,&quot;controls&quot;:&quot;yes&quot;}\" data-widget_type=\"video.default\">\n\t\t\t\t<div class=\"elementor-widget-container\">\n\t\t\t\t\t\t\t<div class=\"e-hosted-video elementor-wrapper elementor-open-inline\">\n\t\t\t\t\t<video class=\"elementor-video\" src=\"https:\/\/shop.stadinao.eu\/RYHMAT\/2024_syksy\/Lampikoski\/wp-content\/uploads\/2024\/12\/Pallo.mp4\" controls=\"\" preload=\"metadata\" controlsList=\"nodownload\"><\/video>\n\t\t\t\t<\/div>\n\t\t\t\t\t\t<\/div>\n\t\t\t\t<\/div>\n\t\t\t\t<div class=\"elementor-element elementor-element-78a7482 elementor-widget elementor-widget-heading\" data-id=\"78a7482\" data-element_type=\"widget\" data-e-type=\"widget\" data-widget_type=\"heading.default\">\n\t\t\t\t<div class=\"elementor-widget-container\">\n\t\t\t\t\t<h4 class=\"elementor-heading-title elementor-size-default\">Pallo joka menee heiluvan puun takaata ja edest\u00e4, tein t\u00e4m\u00e4n Adobe animatella<\/h4>\t\t\t\t<\/div>\n\t\t\t\t<\/div>\n\t\t\t\t\t<\/div>\n\t\t\t\t<\/div>\n\t\t<div class=\"elementor-element elementor-element-ff647a5 e-flex e-con-boxed e-con e-parent\" data-id=\"ff647a5\" data-element_type=\"container\" data-e-type=\"container\">\n\t\t\t\t\t<div class=\"e-con-inner\">\n\t\t\t\t<div class=\"elementor-element elementor-element-b5daeaa elementor-widget elementor-widget-image-gallery\" data-id=\"b5daeaa\" data-element_type=\"widget\" data-e-type=\"widget\" data-widget_type=\"image-gallery.default\">\n\t\t\t\t<div class=\"elementor-widget-container\">\n\t\t\t\t\t\t\t<div class=\"elementor-image-gallery\">\n\t\t\t<div id='gallery-1' class='gallery galleryid-6 gallery-columns-4 gallery-size-medium'><figure class='gallery-item'>\n\t\t\t<div class='gallery-icon landscape'>\n\t\t\t\t<a data-elementor-open-lightbox=\"yes\" data-elementor-lightbox-slideshow=\"b5daeaa\" data-elementor-lightbox-title=\"Mustakissa\" data-e-action-hash=\"#elementor-action%3Aaction%3Dlightbox%26settings%3DeyJpZCI6ODEsInVybCI6Imh0dHBzOlwvXC9zaG9wLnN0YWRpbmFvLmV1XC9SWUhNQVRcLzIwMjRfc3lrc3lcL0xhbXBpa29za2lcL3dwLWNvbnRlbnRcL3VwbG9hZHNcLzIwMjRcLzExXC9TY3JlZW5zaG90LTIwMjQtMTEtMjktYXQtOS4wNS4xMi5wbmciLCJzbGlkZXNob3ciOiJiNWRhZWFhIn0%3D\" href='https:\/\/shop.stadinao.eu\/RYHMAT\/2024_syksy\/Lampikoski\/wp-content\/uploads\/2024\/11\/Screenshot-2024-11-29-at-9.05.12.png'><img decoding=\"async\" width=\"300\" height=\"290\" src=\"https:\/\/shop.stadinao.eu\/RYHMAT\/2024_syksy\/Lampikoski\/wp-content\/uploads\/2024\/11\/Screenshot-2024-11-29-at-9.05.12-300x290.png\" class=\"attachment-medium size-medium\" alt=\"\" srcset=\"https:\/\/shop.stadinao.eu\/RYHMAT\/2024_syksy\/Lampikoski\/wp-content\/uploads\/2024\/11\/Screenshot-2024-11-29-at-9.05.12-300x290.png 300w, https:\/\/shop.stadinao.eu\/RYHMAT\/2024_syksy\/Lampikoski\/wp-content\/uploads\/2024\/11\/Screenshot-2024-11-29-at-9.05.12-1024x988.png 1024w, https:\/\/shop.stadinao.eu\/RYHMAT\/2024_syksy\/Lampikoski\/wp-content\/uploads\/2024\/11\/Screenshot-2024-11-29-at-9.05.12-768x741.png 768w, https:\/\/shop.stadinao.eu\/RYHMAT\/2024_syksy\/Lampikoski\/wp-content\/uploads\/2024\/11\/Screenshot-2024-11-29-at-9.05.12-1536x1482.png 1536w, https:\/\/shop.stadinao.eu\/RYHMAT\/2024_syksy\/Lampikoski\/wp-content\/uploads\/2024\/11\/Screenshot-2024-11-29-at-9.05.12.png 1600w\" sizes=\"(max-width: 300px) 100vw, 300px\" \/><\/a>\n\t\t\t<\/div><\/figure><figure class='gallery-item'>\n\t\t\t<div class='gallery-icon landscape'>\n\t\t\t\t<a data-elementor-open-lightbox=\"yes\" data-elementor-lightbox-slideshow=\"b5daeaa\" data-elementor-lightbox-title=\"Kutsukirje\" data-e-action-hash=\"#elementor-action%3Aaction%3Dlightbox%26settings%3DeyJpZCI6ODMsInVybCI6Imh0dHBzOlwvXC9zaG9wLnN0YWRpbmFvLmV1XC9SWUhNQVRcLzIwMjRfc3lrc3lcL0xhbXBpa29za2lcL3dwLWNvbnRlbnRcL3VwbG9hZHNcLzIwMjRcLzExXC9TY3JlZW5zaG90LTIwMjQtMTEtMjktYXQtMTEuNTcuMTMucG5nIiwic2xpZGVzaG93IjoiYjVkYWVhYSJ9\" href='https:\/\/shop.stadinao.eu\/RYHMAT\/2024_syksy\/Lampikoski\/wp-content\/uploads\/2024\/11\/Screenshot-2024-11-29-at-11.57.13.png'><img decoding=\"async\" width=\"300\" height=\"204\" src=\"https:\/\/shop.stadinao.eu\/RYHMAT\/2024_syksy\/Lampikoski\/wp-content\/uploads\/2024\/11\/Screenshot-2024-11-29-at-11.57.13-300x204.png\" class=\"attachment-medium size-medium\" alt=\"\" srcset=\"https:\/\/shop.stadinao.eu\/RYHMAT\/2024_syksy\/Lampikoski\/wp-content\/uploads\/2024\/11\/Screenshot-2024-11-29-at-11.57.13-300x204.png 300w, https:\/\/shop.stadinao.eu\/RYHMAT\/2024_syksy\/Lampikoski\/wp-content\/uploads\/2024\/11\/Screenshot-2024-11-29-at-11.57.13-1024x697.png 1024w, https:\/\/shop.stadinao.eu\/RYHMAT\/2024_syksy\/Lampikoski\/wp-content\/uploads\/2024\/11\/Screenshot-2024-11-29-at-11.57.13-768x523.png 768w, https:\/\/shop.stadinao.eu\/RYHMAT\/2024_syksy\/Lampikoski\/wp-content\/uploads\/2024\/11\/Screenshot-2024-11-29-at-11.57.13-1536x1046.png 1536w, https:\/\/shop.stadinao.eu\/RYHMAT\/2024_syksy\/Lampikoski\/wp-content\/uploads\/2024\/11\/Screenshot-2024-11-29-at-11.57.13-2048x1394.png 2048w\" sizes=\"(max-width: 300px) 100vw, 300px\" \/><\/a>\n\t\t\t<\/div><\/figure><figure class='gallery-item'>\n\t\t\t<div class='gallery-icon portrait'>\n\t\t\t\t<a data-elementor-open-lightbox=\"yes\" data-elementor-lightbox-slideshow=\"b5daeaa\" data-elementor-lightbox-title=\"Mustakissapaita\" data-e-action-hash=\"#elementor-action%3Aaction%3Dlightbox%26settings%3DeyJpZCI6OTcsInVybCI6Imh0dHBzOlwvXC9zaG9wLnN0YWRpbmFvLmV1XC9SWUhNQVRcLzIwMjRfc3lrc3lcL0xhbXBpa29za2lcL3dwLWNvbnRlbnRcL3VwbG9hZHNcLzIwMjRcLzEyXC9JTUctMjAyNDEyMDktV0EwMDE3LXNjYWxlZC5qcGciLCJzbGlkZXNob3ciOiJiNWRhZWFhIn0%3D\" href='https:\/\/shop.stadinao.eu\/RYHMAT\/2024_syksy\/Lampikoski\/wp-content\/uploads\/2024\/12\/IMG-20241209-WA0017-scaled.jpg'><img loading=\"lazy\" decoding=\"async\" width=\"139\" height=\"300\" src=\"https:\/\/shop.stadinao.eu\/RYHMAT\/2024_syksy\/Lampikoski\/wp-content\/uploads\/2024\/12\/IMG-20241209-WA0017-139x300.jpg\" class=\"attachment-medium size-medium\" alt=\"\" srcset=\"https:\/\/shop.stadinao.eu\/RYHMAT\/2024_syksy\/Lampikoski\/wp-content\/uploads\/2024\/12\/IMG-20241209-WA0017-139x300.jpg 139w, https:\/\/shop.stadinao.eu\/RYHMAT\/2024_syksy\/Lampikoski\/wp-content\/uploads\/2024\/12\/IMG-20241209-WA0017-473x1024.jpg 473w, https:\/\/shop.stadinao.eu\/RYHMAT\/2024_syksy\/Lampikoski\/wp-content\/uploads\/2024\/12\/IMG-20241209-WA0017-768x1662.jpg 768w, https:\/\/shop.stadinao.eu\/RYHMAT\/2024_syksy\/Lampikoski\/wp-content\/uploads\/2024\/12\/IMG-20241209-WA0017-710x1536.jpg 710w, https:\/\/shop.stadinao.eu\/RYHMAT\/2024_syksy\/Lampikoski\/wp-content\/uploads\/2024\/12\/IMG-20241209-WA0017-946x2048.jpg 946w, https:\/\/shop.stadinao.eu\/RYHMAT\/2024_syksy\/Lampikoski\/wp-content\/uploads\/2024\/12\/IMG-20241209-WA0017-scaled.jpg 1183w\" sizes=\"(max-width: 139px) 100vw, 139px\" \/><\/a>\n\t\t\t<\/div><\/figure><figure class='gallery-item'>\n\t\t\t<div class='gallery-icon portrait'>\n\t\t\t\t<a data-elementor-open-lightbox=\"yes\" data-elementor-lightbox-slideshow=\"b5daeaa\" data-elementor-lightbox-title=\"Pinssi\" data-e-action-hash=\"#elementor-action%3Aaction%3Dlightbox%26settings%3DeyJpZCI6OTYsInVybCI6Imh0dHBzOlwvXC9zaG9wLnN0YWRpbmFvLmV1XC9SWUhNQVRcLzIwMjRfc3lrc3lcL0xhbXBpa29za2lcL3dwLWNvbnRlbnRcL3VwbG9hZHNcLzIwMjRcLzEyXC9JTUctMjAyNDEyMDktV0EwMDExLXNjYWxlZC5qcGciLCJzbGlkZXNob3ciOiJiNWRhZWFhIn0%3D\" href='https:\/\/shop.stadinao.eu\/RYHMAT\/2024_syksy\/Lampikoski\/wp-content\/uploads\/2024\/12\/IMG-20241209-WA0011-scaled.jpg'><img loading=\"lazy\" decoding=\"async\" width=\"139\" height=\"300\" src=\"https:\/\/shop.stadinao.eu\/RYHMAT\/2024_syksy\/Lampikoski\/wp-content\/uploads\/2024\/12\/IMG-20241209-WA0011-139x300.jpg\" class=\"attachment-medium size-medium\" alt=\"\" srcset=\"https:\/\/shop.stadinao.eu\/RYHMAT\/2024_syksy\/Lampikoski\/wp-content\/uploads\/2024\/12\/IMG-20241209-WA0011-139x300.jpg 139w, https:\/\/shop.stadinao.eu\/RYHMAT\/2024_syksy\/Lampikoski\/wp-content\/uploads\/2024\/12\/IMG-20241209-WA0011-473x1024.jpg 473w, https:\/\/shop.stadinao.eu\/RYHMAT\/2024_syksy\/Lampikoski\/wp-content\/uploads\/2024\/12\/IMG-20241209-WA0011-768x1662.jpg 768w, https:\/\/shop.stadinao.eu\/RYHMAT\/2024_syksy\/Lampikoski\/wp-content\/uploads\/2024\/12\/IMG-20241209-WA0011-710x1536.jpg 710w, https:\/\/shop.stadinao.eu\/RYHMAT\/2024_syksy\/Lampikoski\/wp-content\/uploads\/2024\/12\/IMG-20241209-WA0011-946x2048.jpg 946w, https:\/\/shop.stadinao.eu\/RYHMAT\/2024_syksy\/Lampikoski\/wp-content\/uploads\/2024\/12\/IMG-20241209-WA0011-scaled.jpg 1183w\" sizes=\"(max-width: 139px) 100vw, 139px\" \/><\/a>\n\t\t\t<\/div><\/figure>\n\t\t<\/div>\n\t\t<\/div>\n\t\t\t\t\t\t<\/div>\n\t\t\t\t<\/div>\n\t\t\t\t\t<\/div>\n\t\t\t\t<\/div>\n\t\t<div class=\"elementor-element elementor-element-198a0c0 e-flex e-con-boxed e-con e-parent\" data-id=\"198a0c0\" data-element_type=\"container\" data-e-type=\"container\">\n\t\t\t\t\t<div class=\"e-con-inner\">\n\t\t\t\t<div class=\"elementor-element elementor-element-4c2124a elementor-widget elementor-widget-heading\" data-id=\"4c2124a\" data-element_type=\"widget\" data-e-type=\"widget\" data-widget_type=\"heading.default\">\n\t\t\t\t<div class=\"elementor-widget-container\">\n\t\t\t\t\t<h4 class=\"elementor-heading-title elementor-size-default\">Ylh\u00e4\u00e4ll\u00e4 on kuvia my\u00f6s muista t\u00f6ist\u00e4ni<\/h4>\t\t\t\t<\/div>\n\t\t\t\t<\/div>\n\t\t\t\t\t<\/div>\n\t\t\t\t<\/div>\n\t\t<div class=\"elementor-element elementor-element-ec7ac3f e-flex e-con-boxed e-con e-parent\" data-id=\"ec7ac3f\" data-element_type=\"container\" data-e-type=\"container\">\n\t\t\t\t\t<div class=\"e-con-inner\">\n\t\t\t\t<div class=\"elementor-element elementor-element-5729922 elementor-align-center elementor-widget elementor-widget-button\" data-id=\"5729922\" data-element_type=\"widget\" data-e-type=\"widget\" data-widget_type=\"button.default\">\n\t\t\t\t<div class=\"elementor-widget-container\">\n\t\t\t\t\t\t\t\t\t<div class=\"elementor-button-wrapper\">\n\t\t\t\t\t<a class=\"elementor-button elementor-button-link elementor-size-sm\" href=\"#YLOS\">\n\t\t\t\t\t\t<span class=\"elementor-button-content-wrapper\">\n\t\t\t\t\t\t<span class=\"elementor-button-icon\">\n\t\t\t\t<svg aria-hidden=\"true\" class=\"e-font-icon-svg e-fas-arrow-up\" viewBox=\"0 0 448 512\" xmlns=\"http:\/\/www.w3.org\/2000\/svg\"><path d=\"M34.9 289.5l-22.2-22.2c-9.4-9.4-9.4-24.6 0-33.9L207 39c9.4-9.4 24.6-9.4 33.9 0l194.3 194.3c9.4 9.4 9.4 24.6 0 33.9L413 289.4c-9.5 9.5-25 9.3-34.3-.4L264 168.6V456c0 13.3-10.7 24-24 24h-32c-13.3 0-24-10.7-24-24V168.6L69.2 289.1c-9.3 9.8-24.8 10-34.3.4z\"><\/path><\/svg>\t\t\t<\/span>\n\t\t\t\t\t\t\t\t<\/span>\n\t\t\t\t\t<\/a>\n\t\t\t\t<\/div>\n\t\t\t\t\t\t\t\t<\/div>\n\t\t\t\t<\/div>\n\t\t\t\t\t<\/div>\n\t\t\t\t<\/div>\n\t\t<div class=\"elementor-element elementor-element-0be10a2 e-flex e-con-boxed e-con e-parent\" data-id=\"0be10a2\" data-element_type=\"container\" data-e-type=\"container\">\n\t\t\t\t\t<div class=\"e-con-inner\">\n\t\t\t\t\t<\/div>\n\t\t\t\t<\/div>\n\t\t\t\t<\/div>\n\t\t","protected":false},"excerpt":{"rendered":"<p>Portfolio Etusivu Tervetuloa, olen Emil, opiskelen media-alaa, asun Helsingiss\u00e4. Normal Text Example Omia t\u00f6it\u00e4ni https:\/\/shop.stadinao.eu\/RYHMAT\/2024_syksy\/Lampikoski\/wp-content\/uploads\/2024\/12\/logoELVIDEO.mp4 Animoitu logo jonka tein adobe animate ohjelmalla, jossa t\u00e4hti py\u00f6rii keskell\u00e4. https:\/\/shop.stadinao.eu\/RYHMAT\/2024_syksy\/Lampikoski\/wp-content\/uploads\/2024\/12\/Morkooo.mp4 Tein animaation jossa on m\u00f6rk\u00f6 joka muuttuu iloisesta surulliseksi. Tein ty\u00f6n Adobe Animatella https:\/\/shop.stadinao.eu\/RYHMAT\/2024_syksy\/Lampikoski\/wp-content\/uploads\/2024\/12\/Emillopputyoo.mp4 Vene animaatio jossa vene purjehtii majakkaa kohti.Tein ty\u00f6n Adobe illustratorilla ja Animatella https:\/\/shop.stadinao.eu\/RYHMAT\/2024_syksy\/Lampikoski\/wp-content\/uploads\/2024\/12\/Pallo.mp4 Pallo [&hellip;]<\/p>\n","protected":false},"author":1,"featured_media":0,"parent":0,"menu_order":0,"comment_status":"closed","ping_status":"closed","template":"elementor_header_footer","meta":{"_siteseo_robots_primary_cat":"","pagelayer_contact_templates":[],"_pagelayer_content":"","footnotes":""},"class_list":["post-6","page","type-page","status-publish","hentry"],"_links":{"self":[{"href":"https:\/\/shop.stadinao.eu\/RYHMAT\/2024_syksy\/Lampikoski\/wp-json\/wp\/v2\/pages\/6","targetHints":{"allow":["GET"]}}],"collection":[{"href":"https:\/\/shop.stadinao.eu\/RYHMAT\/2024_syksy\/Lampikoski\/wp-json\/wp\/v2\/pages"}],"about":[{"href":"https:\/\/shop.stadinao.eu\/RYHMAT\/2024_syksy\/Lampikoski\/wp-json\/wp\/v2\/types\/page"}],"author":[{"embeddable":true,"href":"https:\/\/shop.stadinao.eu\/RYHMAT\/2024_syksy\/Lampikoski\/wp-json\/wp\/v2\/users\/1"}],"replies":[{"embeddable":true,"href":"https:\/\/shop.stadinao.eu\/RYHMAT\/2024_syksy\/Lampikoski\/wp-json\/wp\/v2\/comments?post=6"}],"version-history":[{"count":112,"href":"https:\/\/shop.stadinao.eu\/RYHMAT\/2024_syksy\/Lampikoski\/wp-json\/wp\/v2\/pages\/6\/revisions"}],"predecessor-version":[{"id":163,"href":"https:\/\/shop.stadinao.eu\/RYHMAT\/2024_syksy\/Lampikoski\/wp-json\/wp\/v2\/pages\/6\/revisions\/163"}],"wp:attachment":[{"href":"https:\/\/shop.stadinao.eu\/RYHMAT\/2024_syksy\/Lampikoski\/wp-json\/wp\/v2\/media?parent=6"}],"curies":[{"name":"wp","href":"https:\/\/api.w.org\/{rel}","templated":true}]}}